 highest common factor of 11434 and 417118037?
5717
Calculate the highest common divisor of 311411 and 4183.
89
Calculate the highest common divisor of 19266042 and 10764.
138
Calculate the highest common factor of 155776 and 359015.
1217
What is the greatest common divisor of 4648123015 and 115?
115
Calculate the greatest common factor of 351720009 and 81.
27
Calculate the highest common divisor of 4 and 61467844.
4
What is the highest common divisor of 19052490 and 1038?
1038
Calculate the highest common factor of 99 and 70400781.
99
What is the greatest common factor of 46846 and 74458?
118
What is the highest common divisor of 188705 and 389455?
4015
Calculate the highest common divisor of 19925703 and 297.
27
Calculate the highest common factor of 630 and 25216030.
70
Calculate the highest common divisor of 3934 and 804391.
7
Calculate the greatest common divisor of 5321 and 46821044.
313
Calculate the highest common factor of 56669192 and 2.
2
What is the greatest common factor of 256438 and 24479?
91
Calculate the highest common factor of 960 and 123129920.
320
Calculate the greatest common divisor of 33410 and 1400.
10
Calculate the highest common divisor of 555264 and 13504.
64
Calculate the greatest common divisor of 14 and 4195877.
7
Calculate the highest common divisor of 3 and 3666408.
3
What is the greatest common divisor of 3363 and 87143?
59
What is the greatest common divisor of 299920 and 280600?
920
What is the highest common divisor of 163342036 and 10208?
1276
What is the greatest common factor of 14093755 and 197582?
1283
What is the highest common factor of 8010 and 223426935?
4005
Calculate the highest common factor of 595 and 14077735.
35
Calculate the greatest common factor of 2261 and 267734054.
2261
What is the highest common factor of 1742 and 3269089460?
1742
Calculate the highest common divisor of 28776 and 116957.
109
Calculate the greatest common factor of 1134 and 10525725.
63
Calculate the greatest common divisor of 10844625 and 1650.
825
Calculate the greatest common divisor of 6592 and 81448.
8
Calculate the greatest common divisor of 681882 and 1326.
6
What is the highest common divisor of 9828 and 27934578?
378
Calculate the greatest common factor of 60143700 and 900.
300
Calculate the highest common divisor of 43747 and 103851.
11
Calculate the greatest common divisor of 2170 and 2423750.
70
What is the greatest common divisor of 195 and 24831391?
13
What is the highest common divisor of 1675731 and 9699?
183
What is the greatest common factor of 4325829 and 25323?
1101
What is the highest common factor of 2348 and 23126039?
587
What is the greatest common factor of 160 and 757840?
80
Calculate the highest common divisor of 14848 and 369199.
29
What is the highest common factor of 52569 and 17237?
11
Calculate the highest common factor of 12978 and 670194.
126
What is the greatest common factor of 1008749588 and 28?
28
Calculate the greatest common divisor of 409975 and 2160390.
3565
What is the highest common divisor of 315 and 14309505?
315
Calculate the highest common factor of 3987312 and 23856.
336
Calculate the greatest common factor of 1756587 and 119547.
1077
Calculate the highest common factor of 1296 and 3472572.
12
What is the highest common divisor of 520 and 10472384?
104
What is the highest common divisor of 1404914 and 9758?
238
What is the greatest common factor of 4056 and 928680?
24
Calculate the highest common divisor of 3366 and 1939212.
198
What is the greatest common divisor of 82962 and 116226?
198
What is the highest common divisor of 59740209 and 63?
9
What is the highest common factor of 32 and 19120144?
16
What is the greatest common factor of 26963739 and 297?
297
Calculate the greatest common factor of 995106 and 3612.
1806
Calculate the greatest common factor of 5198614 and 516.
86
What is the greatest common factor of 4537 and 331162?
13
What is the highest common factor of 6918138 and 24751?
467
Calculate the highest common factor of 19958939 and 44.
11
What is the greatest common divisor of 356345 and 9485845?
2945
Calculate the highest common divisor of 30037 and 1626902.
613
What is the highest common factor of 456142 and 393?
131
Calculate the highest common factor of 1122813 and 103149.
657
Calculate the greatest common factor of 3133 and 148720.
13
What is the greatest common divisor of 666 and 814858992?
666
What is the highest common factor of 139 and 38875?
1
Calculate the greatest common factor of 4624 and 35598442.
578
What is the greatest common divisor of 35 and 63537607?
7
Calculate the highest common factor of 16 and 902872.
8
What is the highest common divisor of 85 and 101713465?
85
Calculate the highest common factor of 346458 and 472227.
2373
What is the highest common divisor of 11692208 and 2046?
682
Calculate the highest common factor of 57 and 9527113.
19
Calculate the greatest common divisor of 449700 and 3200.
100
Calculate the highest common factor of 789642 and 182.
14
Calculate the greatest common divisor of 9928 and 881256.
584
What is the greatest common divisor of 10304757 and 54?
9
Calculate the greatest common factor of 43638533 and 29.
29
What is the highest common divisor of 261 and 1352762391?
87
Calculate the greatest common divisor of 143360 and 1900640.
1120
Calculate the greatest common divisor of 70 and 10349780.
70
Calculate the greatest common divisor of 29967 and 95991.
21
What is the greatest common factor of 640 and 867553760?
160
What is the greatest common divisor of 4800 and 26969280?
960
What is the greatest common divisor of 139288 and 24547996?
3028
Calculate the greatest common factor of 826722 and 1746.
18
Calculate the greatest common factor of 4376740 and 115540.
1060
What is the highest common divisor of 400 and 1343200?
400
Calculate the greatest common divisor of 1095 and 22773810.
1095
What is the highest common factor of 416740 and 730300?
1340
Calculate the greatest common divisor of 3438102 and 965.
193
Calculate the highest common factor of 341695 and 10.
5
Calculate the greatest common divisor of 350 and 173465950.
350
What is the highest common factor of 31493 and 308386?
409
What is the highest common factor of 23780785 and 2030?
35
Calculate the highest common factor of 4 and 778957.
1
Calculate the greatest common factor of 169440 and 13815.
15
What is the highest common divisor of 408661 and 240075?
1067
Calculate the greatest common divisor of 50237010 and 54.
54
What is the greatest common factor of 558 and 223743151?
31
Calculate the highest common factor of 1093986 and 1944.
486
Calculate the highest common factor of 14786910 and 3285.
45
Calculate the highest common divisor of 47360 and 12914480.
2960
Calculate the highest common divisor of 766275 and 13275.
75
What is the greatest common divisor of 762657 and 413?
7
What is the greatest common factor of 677423425 and 62125?
12425
What is the highest common factor of 3116 and 91535616?
3116
Calculate the greatest common divisor of 192 and 683084.
4
Calculate the greatest common divisor of 971384 and 4346106.
8374
What is the highest common factor of 37079472 and 1488?
1488
What is the greatest common divisor of 49 and 52530058?
49
Calculate the greatest common factor of 514696 and 22.
2
What is the greatest common factor of 43486052 and 12?
4
What is the highest common divisor of 4235193 and 92871?
153
What is the highest common divisor of 444154 and 24386?
274
Calculate the greatest common factor of 108953335 and 6635.
6635
Calculate the highest common factor of 374436482 and 21.
7
Calculate the greatest common factor of 4082 and 41044510.
4082
What is the highest common factor of 603398 and 102?
34
Calculate the greatest common factor of 583209 and 10836.
387
Calculate the greatest common factor of 4828731 and 100521.
3723
Calculate the greatest common factor of 540 and 10440220.
20
Calculate the highest common factor of 6545341 and 436.
109
What is the highest common factor of 151 and 148042061?
151
What is the highest common divisor of 2247 and 3796681?
749
What is the highest common factor of 9818841 and 463?
463
What is the greatest common divisor of 517655 and 38?
19
What is the highest common factor of 45 and 17631?
9
What is the greate